{"id":530,"date":"2026-02-23T10:15:37","date_gmt":"2026-02-23T09:15:37","guid":{"rendered":"https:\/\/actionmall.act.at\/shop\/907\/?post_type=product&#038;p=530"},"modified":"2026-03-01T00:18:18","modified_gmt":"2026-02-28T23:18:18","slug":"red-eye-roboter-2","status":"publish","type":"product","link":"https:\/\/actionmall.act.at\/shop\/907\/produkt\/red-eye-roboter-2\/","title":{"rendered":"RED-EYE ROBOTER"},"content":{"rendered":"<p>Der RED-EYE ist ein intelligenter Heizroboter mit integrierter <strong>Infrarotheizung<\/strong>.<\/p>\n<p>Dank seiner KI erkennt er automatisch die k\u00e4ltesten Bereiche in der Wohnung und bewegt sich selbstst\u00e4ndig dorthin.<\/p>\n<p>So sorgt er gezielt f\u00fcr W\u00e4rme genau dort, wo sie ben\u00f6tigt wird.<\/p>\n<p>Durch diese effiziente W\u00e4rmeverteilung hilft er, <strong>Heizkosten zu senken<\/strong> und <strong>Energie zu sparen<\/strong>.<\/p>\n<p>Der Roboter ist mit zwei R\u00e4dern ausgestattet und kann sich flexibel in allen Wohnr\u00e4umen fortbewegen.<\/p>\n<p>RED-EYE steht f\u00fcr smarte, mobile und kosteneffiziente Heiztechnologie.<\/p>\n","protected":false},"excerpt":{"rendered":"<p>Der RED-EYE ist ein intelligenter Heizroboter mit integrierter Infrarotheizung. Dank seiner KI erkennt er automatisch die k\u00e4ltesten Bereiche in der Wohnung und bewegt sich selbstst\u00e4ndig dorthin. So sorgt er gezielt f\u00fcr W\u00e4rme genau dort, wo sie ben\u00f6tigt wird. Durch diese effiziente W\u00e4rmeverteilung hilft er, Heizkosten zu senken und Energie zu sparen. Der Roboter ist mit [&hellip;]<\/p>\n","protected":false},"featured_media":524,"template":"","meta":[],"product_cat":[],"product_tag":[],"class_list":{"0":"post-530","1":"product","2":"type-product","3":"status-publish","4":"has-post-thumbnail","7":"first","8":"instock","9":"taxable","10":"shipping-taxable","11":"purchasable","12":"product-type-simple"},"_links":{"self":[{"href":"https:\/\/actionmall.act.at\/shop\/907\/wp-json\/wp\/v2\/product\/530"}],"collection":[{"href":"https:\/\/actionmall.act.at\/shop\/907\/wp-json\/wp\/v2\/product"}],"about":[{"href":"https:\/\/actionmall.act.at\/shop\/907\/wp-json\/wp\/v2\/types\/product"}],"wp:featuredmedia":[{"embeddable":true,"href":"https:\/\/actionmall.act.at\/shop\/907\/wp-json\/wp\/v2\/media\/524"}],"wp:attachment":[{"href":"https:\/\/actionmall.act.at\/shop\/907\/wp-json\/wp\/v2\/media?parent=530"}],"wp:term":[{"taxonomy":"product_cat","embeddable":true,"href":"https:\/\/actionmall.act.at\/shop\/907\/wp-json\/wp\/v2\/product_cat?post=530"},{"taxonomy":"product_tag","embeddable":true,"href":"https:\/\/actionmall.act.at\/shop\/907\/wp-json\/wp\/v2\/product_tag?post=530"}],"curies":[{"name":"wp","href":"https:\/\/api.w.org\/{rel}","templated":true}]}}